?
1
Let h(v) = v**2 - 7*v - 10. Let p be (-2)/((-8)/12 - 0). Suppose 2*u - 5*z = 4*u + p, -z = u - 6. What is the tens digit of h(u)?
3
Suppose -5*c + 5*m = 6*m, -4*c = -5*m. What is the hundreds digit of 250 + -8 - (c - -3)?
2
Let t(i) = 3*i - 52. Let x(g) = -g + 53. Let o(y) = -5*t(y) - 6*x(y). What is the hundreds digit of o(-27)?
1
Let l(p) = 2*p + 14. Let j(c) = 3*c + 30. Let q(s) = -6*j(s) + 13*l(s). What is the tens digit of q(3)?
2
Suppose -4*u = 2*d - 16602, -5*u - d + 19487 + 1258 = 0. What is the thousands digit of u?
4
What is the tens digit of (-16)/(-192)*-18*(-3512)/6?
7
Suppose -k + 1439 = 3*d - 4*d, 0 = 3*k - 5*d - 4307. What is the tens digit of k?
4
Let t be (12/(-10) - -2*1)*10. Suppose -t*k + 924 = -2*k. What is the hundreds digit of k?
1
Let t(d) = -2*d**2 + 2*d - 17. Let r be t(-5). Let v = -40 - r. What is the tens digit of v?
3
Suppose 5*z + 51 = -h, -14 = 2*z + 4*h - 2*h. Let o = z - -53. Let i = -20 + o. What is the units digit of i?
2
Let z(l) = -6*l - 17. Suppose -5*v = -2*b - 51, 37 = -0*v + 3*v + 2*b. Let u = -18 + v. What is the tens digit of z(u)?
2
Let w = -61 - -65. Suppose -w*z - 33 = -5*z. What is the tens digit of z?
3
Let d = -59 + 62. Suppose 5*u - 12 = d*u. What is the units digit of u?
6
Let n(x) = x**3 + 4*x + 3. Let t be n(3). Suppose 2*d - t = 22. What is the tens digit of d?
3
Let q be (-1 - 2)/(5/(-15)). Suppose q*w - 314 = 37. What is the units digit of w?
9
Suppose 6*z - 10 = z. Suppose -5*r - 4*u = 159 + 871, -z*u = 5*r + 1040. What is the tens digit of (-1)/(3 - r/(-69))?
2
What is the hundreds digit of (-4 - 69/(-12))/(5/1460)?
5
Suppose 547 + 2250 = 3*g + 2*n, -10 = -2*n. What is the units digit of g?
9
Let u be (14/(-4))/((-10)/(-40)). Let j = 17 + u. Suppose -3*t = j*t - 216. What is the units digit of t?
6
Let o = -59 + 61. Suppose r + 7 + 29 = 4*w, 4*w - 36 = o*r. What is the units digit of w?
9
What is the hundreds digit of 8760/22 + 3/(198/(-12))?
3
Let j(f) = -2*f + 32. Let l be j(10). What is the units digit of (-3*8/l)/(-1)?
2
Suppose 51*y - 72178 - 42827 = 0. What is the hundreds digit of y?
2
Let f(a) = -a**2 + 4*a + 3. What is the units digit of f(4)?
3
Let f = 54 - 29. Let n = -51 + f. Let r = n + 46. What is the units digit of r?
0
Let l(b) = b + 5 + 4*b**2 + 5 - 12. Let n be l(1). Suppose -n*c + 44 = -82. What is the tens digit of c?
4
Suppose 10 - 59 = 7*x. Let o(i) = -34*i - 31. What is the hundreds digit of o(x)?
2
Suppose -3*t = 2*q - 7632, 12*q + 11446 = 15*q + 4*t. What is the hundreds digit of q?
8
Let q(m) = 371*m + 69. What is the hundreds digit of q(2)?
8
What is the tens digit of ((-28)/(-42))/(-2 + 2948/1473)?
9
Let k be 0/(24/6) + (-180)/(-2). Let s = -10 + k. What is the units digit of s?
0
Suppose -16*k - 6 = -14*k, 2*t = -k + 23. What is the tens digit of t?
1
Suppose 2*k + 2*b + 287 = 3*k, -3*k - 2*b = -877. Let i = -208 + k. What is the tens digit of i?
8
Let a(d) = 2*d**2 + 40*d + 473. What is the hundreds digit of a(-26)?
7
Suppose 7*j - 488 = -j. What is the units digit of j?
1
Let y be -3 + 1 + -3 + 6. Let l be (-2)/3*(-7 + y). Suppose -l*b - 16 = -148. What is the tens digit of b?
3
Let r = 29 - 24. Suppose b + r*u = 7, 4 = -5*u + 9. Suppose -g - i + 50 = -4*i, 4*g - b*i = 150. What is the units digit of g?
5
Suppose 118*x = 116*x + 3*q + 1259, 0 = 4*x - q - 2493. What is the tens digit of x?
2
Let u = -28 + 62. Suppose -33 = -y + u. What is the units digit of y?
7
Let w(n) = 153*n**2 + 26*n - 1. What is the hundreds digit of w(-2)?
5
Suppose l = 11*l - 2770. What is the units digit of l?
7
What is the thousands digit of (-146)/((-492)/(-100) - 5)?
1
Let o(r) = 4*r + 0*r + 2*r - 3 - 5*r. Let c be o(0). What is the tens digit of 136/(c - -5)*1?
6
Let u(o) be the first derivative of 9*o**3 - o**2 - 2*o - 4. Let v be u(-1). Let i = v - 1. What is the tens digit of i?
2
Suppose 2*l = u - 16, u - 2 = -3*l - 4*u. What is the tens digit of ((-175)/2)/7*l?
7
Let h = -2471 - -3771. What is the hundreds digit of h?
3
Let p be 4 + 1 + ((-9)/3)/(-3). What is the tens digit of 2/p - (1660/(-15) - -1)?
1
Let r = -2288 - -3330. Suppose -7*u + r = 62. What is the tens digit of u?
4
Suppose 0*d = 3*d. Suppose 2*y + 48 = -5*n, d = -y - 3*y - 16. What is the units digit of 5/4 - (-2)/n?
1
Let f(x) = 91 + 0*x**2 - 172 + 90 - x**3 - x + 7*x**2. Suppose 4*j - 21 = j. What is the units digit of f(j)?
2
Suppose -5*u - 2*i - 12534 = -7*u, -3*u + 5*i = -18797. What is the hundreds digit of u?
2
Suppose -t = t + 2*q - 12422, t - 4*q - 6216 = 0. What is the tens digit of t?
1
Let c(o) = -o**3 - 2*o**2 + 4*o + 1. Let k be c(5). What is the tens digit of k/(-10) - (-12)/(-30)?
1
Let q = -22 - -18. Let y be (58/3)/(q/(-12)). What is the tens digit of (-1 + 9)*y/8?
5
Suppose 3*s + 205 = 4*s. Let y(u) = 141*u + 7. Let h be y(-1). Let m = h + s. What is the tens digit of m?
7
Suppose -v = -3*v + 6. Suppose -2*j = 4*m - 148, -364 = -5*j - m - v*m. What is the units digit of j?
2
Let g(h) = 1341*h - 4. Let a be g(2). Suppose 0 = -4*p - 9*p + a. What is the hundreds digit of p?
2
Let z(d) = -d**3 - 3*d**2 + 2*d - 5. Let f be z(-4). Let b be (6/4)/(4 - (-29)/(-8)). Suppose -b*t = f*i - 93, t + 2*t = i + 86. What is the units digit of t?
7
Let b(f) = f**2 - 6*f + 8. Let r be b(6). Let w be -2 - r*(-3)/6. What is the tens digit of 1/w*(27 + 5)?
1
Let c(j) = -9*j**3 - 4*j**2 + 10*j + 36. What is the hundreds digit of c(-3)?
2
Let p(j) = j**3 - 4*j**2 - 2. Let i = -4 - 5. Let d(u) = u + 14. Let f be d(i). What is the tens digit of p(f)?
2
Suppose 0*p + 135 = 5*p. What is the units digit of (-2)/(-9) + 1263/p?
7
Let r = 466 + -320. Suppose -h - h = b - r, 4*h + b = 292. What is the tens digit of h?
7
Let o be (3/1)/1 + 506. Let v = -340 + o. What is the hundreds digit of v?
1
Suppose 4*f - 12 = -4*k, -5*k - 2 = 3*f - 3. Suppose 5*u = 3 + f. Let j = u + 7. What is the units digit of j?
9
Let m(c) = 2*c**3 - 17*c**2 - 31. What is the units digit of m(9)?
0
Suppose -5*a = -i - 303 - 1495, -3*a - i = -1074. What is the units digit of a?
9
Let r be -1 - (13 - -2)/(-3). Suppose -19 + r = -3*h. Suppose -h*b - 3*n + 56 = n, -5*b + 57 = 3*n. What is the tens digit of b?
1
Suppose -t = -1, -5*k + 2*t - 3 = 9. What is the tens digit of (-260)/10*2/k?
2
Suppose -i + 2*o + 463 = 0, -599 - 1268 = -4*i + 5*o. Let w = -263 + i. What is the hundreds digit of w?
2
Let y be 158*(-2)/(-12) - 3/9. What is the units digit of 150/39 - 4 - (-1954)/y?
5
Let c = -151 - -248. Suppose c*y - 93*y - 1104 = 0. What is the tens digit of y?
7
Suppose 0 = 2*g - 0*g - 10. Suppose -u - 2*d + 8 = 0, 25 = 2*u - 0*u - g*d. Let k(m) = m**3 - 10*m**2 + m + 11. What is the tens digit of k(u)?
2
Let c(z) = -z**3 + 2*z**2 - 3*z - 1. Let j be c(2). Let v(g) = 3*g**2 + 7*g - 11. What is the tens digit of v(j)?
8
Let n(u) = -23*u**3 - u**2 + 3. Let m be n(-3). Suppose 191 = -4*x + m. Suppose -2*g + x = -2. What is the tens digit of g?
5
Suppose -5*q + u = 0, -q = -9*u + 13*u + 21. What is the units digit of q/(-3) - 745/(-15)?
0
Suppose 2*f + 6*o - 2*o = 2, -5*f + 29 = -2*o. What is the units digit of f?
5
Let j(w) = 409*w + 27. What is the units digit of j(11)?
6
Let z be (-486)/(-5) + 1/(-5). Let m be (1 - -2) + (z - -2). Suppose 7*d - m = 4*d. What is the units digit of d?
4
What is the units digit of -148*4/12*153/(-6)?
8
Suppose 4*d = 5*v - 215, 2*v + d - 73 = -0*d. Suppose i + 4*f + 1 = 0, f = -3*i + 3*f + v. Suppose 16*s - i*s = 335. What is the tens digit of s?
6
Let g be 2 - ((-40)/3)/(10/90). Suppose 5*m - g = 188. What is the units digit of m?
2
Suppose -q + 5*g = -872, -6*q + 3*q + 2546 = -g. What is the units digit of q?
7
Let h(p) = p**3 + 5*p**2 - 9*p - 16. Let g be h(-6). Suppose -d - g*i + 98 = 0, -5*i - 680 = -5*d - 235. What is the units digit of d?
2
Let a(f) = 62*f**2 - 34*f + 164. What is the thousands digit of a(7)?
2
What is the hundreds digit of (-7 - (-15 + 2))/((-12)/(-1542))?
7
Let m(h) = 335*h**3 - 2*h**2 + 3*h. What is the hundreds digit of m(1)?
3
Let o(d) = d**2 + 2*d + 3. Let a be o(0). Suppose 3*g - 3*h = 1 + 14, -a*g + 16 = -4*h. What is the units digit of (-3)/(0/g - 3)?
1
Suppose 5*x + 10 = 7*x. Suppose 0 = x*q - 97 - 23. What is the units digit of q?
4
Let c(r) = -136*r - 49. What is the units digit 